rs of w.
181
Let u(g) = 3*g. Let a be u(-2). Let w = a + 9. List the prime factors of w.
3
Let j be 15 + (-1 - -1)/2. Suppose -j = -z + 55. Suppose 7*t - 2*t = z. List the prime factors of t.
2, 7
Suppose -3*s + 235 = -14. List the prime factors of s.
83
Suppose -4*r + 3 = -3*r. Suppose n - 5*n - 2*s - 2 = 0, 0 = r*n + s + 1. Let z = 11 - n. List the prime factors of z.
11
Let g be 7 + -5 + -1 + -1. Suppose g = -2*y - 0*y + 14. What are the prime factors of y?
7
Let n(v) = -2*v + 2. Let f be n(-1). Suppose -f*x + 51 = -x. List the prime factors of x.
17
Let a = 10 + -8. Suppose 3*b + 5*v = -91, a*b - 3*v + 7*v + 62 = 0. Let r = b + 39. What are the prime factors of r?
2, 3
List the prime factors of (1 + 2*-3)*-3.
3, 5
Suppose 2*u - 1 = 7. Suppose -17 = -u*c + 11. What are the prime factors of c?
7
Suppose -2*z - 2*z + 388 = 4*v, 2*z = 4*v - 406. What are the prime factors of v?
2, 5
Let z = -10 - -76. What are the prime factors of z?
2, 3, 11
Suppose 0 = 4*d + 2*d - 384. List the prime factors of d.
2
Suppose 123 = 2*r + 3*s, 3 = -r + 2*s + 68. List the prime factors of r.
3, 7
Suppose -22 = 2*b + 8. Let w = 26 + b. What are the prime factors of w?
11
Let y = 1 - 0. Let f(l) = -4*l - 1. Let n be f(-1). Let m = n - y. What are the prime factors of m?
2
Suppose -3*d - 5*l = -72 + 14, 4*l - 42 = -2*d. Suppose 5*k = -p - p + d, -3*k = p - 7. List the prime factors of k.
3
Let c be ((-6)/(-4))/(15/40). Suppose -c*i + 108 + 42 = 5*l, 5*l = 2*i + 120. What are the prime factors of l?
2, 13
Let n = -3 + 63. Suppose 3*k - n = -0*k. What are the prime factors of k?
2, 5
Let q(t) = 5*t**2 + 18*t + 20. Suppose 4*j + 8 = -12. Let u(d) = 3*d**2 + 12*d + 13. Let b(o) = j*q(o) + 8*u(o). List the prime factors of b(5).
3
Suppose 8 = 2*n - 0*n + 4*s, -3*n = -s - 5. Let o be (2/(-5))/(n/(-90)). Let y = -9 + o. List the prime factors of y.
3
List the prime factors of 1/2 - (-2190)/20.
2, 5, 11
Suppose 5*n + 4*k = 19, n + k = 4*k. Suppose -n*c + 2*c = -32. What are the prime factors of c?
2
List the prime factors of 2/(-11) - (-1020)/44.
23
Suppose 5*c + u - 261 = 0, -2*c - 4*u = 2*c - 212. What are the prime factors of c + 1/(1/(-4))?
2, 3
Let o = 16 - 10. What are the prime factors of o?
2, 3
List the prime factors of -76*3*1/(-6).
2, 19
Let t = -4 - -5. Let s = t + 1. What are the prime factors of s*(-6)/4*-3?
3
Let w(k) be the first derivative of k**4/4 - 7*k**3/3 + 3*k**2 + 3*k + 3. List the prime factors of w(6).
3
Let o(m) = -m**3 - m**2 - m - 2. Let s be o(-2). Suppose -5*h = -s*g + 778, -h - 465 = 2*h - 3*g. What are the prime factors of (-6)/8 - h/8?
19
Let y(s) = s**3 + 3*s**2 - 2*s**3 - 4*s**2. Let a = -8 + 6. List the prime factors of y(a).
2
Suppose -r = -5*n + 200, 3*n + 54 - 196 = 5*r. What are the prime factors of n?
3, 13
Let k(h) = -h - 13. Let c be k(-6). Let y(a) = -3*a + 15. What are the prime factors of y(c)?
2, 3
Suppose 6*p + 6 = 9*p. Suppose 3*z - 48 = 3*u, -5*z + p*u + 55 + 28 = 0. List the prime factors of z.
17
Let h(i) = 35*i**2 + 4*i + 3. Let z be h(-2). Suppose 0 = 5*q - 2*q - z. List the prime factors of q.
3, 5
Suppose -4*o + 1584 = 3*r, 3*r - 2 = -14. Let w be o/77 + (-4)/22. Suppose -w*v + 47 = 4*z, 0 = -2*z + 4*v + 2 + 28. List the prime factors of z.
13
Let u be (-94)/14 + 16/(-56). List the prime factors of u/(-28) - 207/(-4).
2, 13
Let o(u) = -u + 2. Let t be o(0). Let x be (1/t)/(2/16). Let i(g) = 2*g - 4. List the prime factors of i(x).
2
Let n = 23 + 45. List the prime factors of n.
2, 17
Suppose 7*w - 2*w = 2*t + 298, -t = w - 54. List the prime factors of w.
2, 29
Suppose -5*c + 3*f - 5*f = -201, 0 = 2*c + f - 81. List the prime factors of c.
3, 13
Suppose 0*y - 40 = -4*y. What are the prime factors of (-4)/6*(-195)/y?
13
Let n = 3 + -3. Suppose 2*u + l - 3 = n, -3*u + 3*l + 15 = -u. Suppose 55 = u*w + 2*w. What are the prime factors of w?
11
Let m(j) = 6*j**3 - 3*j**2 - j + 3. Let x be m(3). Suppose 7*b = 2*b - 3*i + x, b - 5*i + 1 = 0. List the prime factors of b.
2, 3
Let q be 0 - (1 + -3 - 0). Suppose 0*g = -4*g + 8. Suppose 0 = -q*z + 8, y - g*z + 6 = -0. List the prime factors of y.
2
List the prime factors of 6*3/27*75.
2, 5
Let t(s) = 6*s**2 - s + 1. List the prime factors of t(1).
2, 3
What are the prime factors of 2/(9/(-366)*8/(-6))?
61
Suppose -44 = -5*y - 294. What are the prime factors of 12/18 - y/6?
3
Let k be (-2)/(4 - 3) + 50. Let z = 23 - k. Let m = 37 + z. List the prime factors of m.
2, 3
Let u = 10 + -9. Suppose f - 9 = -u. What are the prime factors of f?
2
Let a(x) = -x**2 - 8*x - 9. Suppose -4*i + 7 + 4 = -3*o, -i = -2*o - 14. Let k be o*5/(15/2). What are the prime factors of a(k)?
3
Suppose 3*y = d - 1 + 4, d = -2*y + 2. Let t be y*(1 - (3 - 1)). Let x = t - -3. What are the prime factors of x?
2
Let u(g) be the second derivative of g**3/6 + 7*g**2/2 - g. Let p(x) = x + 19. Let k be p(-12). What are the prime factors of u(k)?
2, 7
Let v = 76 + -27. List the prime factors of v.
7
Let b(z) = z + 14. Let l be b(-11). Suppose -3*v + l*p = -108, 4*v - 96 = v - 3*p. List the prime factors of v.
2, 17
Let w(o) = -o**2 + 10*o + 1. Let l = 13 - 8. What are the prime factors of w(l)?
2, 13
Let c = 145 + 45. Suppose -v - c = -6*v. Suppose 2*u = -u + q + v, 46 = 3*u - 5*q. What are the prime factors of u?
2, 3
Let h(x) = 3*x**2 - 1. Suppose -2*n - 6 = z, 4 = 4*z - 5*n + 2. What are the prime factors of h(z)?
11
Let b(c) = 6*c + 4*c + c**2 - 4*c - 3*c. List the prime factors of b(-5).
2, 5
Suppose 5*q - 5*p - 230 = 0, 0*p + 4*p = q - 55. Let f = q + -21. List the prime factors of f.
2, 11
What are the prime factors of 8/16*(-268)/(-2)?
67
Let b = -6 - -9. Suppose b = f - 16. What are the prime factors of f?
19
Suppose 40 = 3*u - 5*a, 3*a + 30 = -2*u + 5*u. Suppose -25 = -u*v + 20. What are the prime factors of v?
3
Let b = -1 + 6. Suppose 0 = 2*o - b*o + 6. What are the prime factors of o?
2
Let y be 2*2/((-4)/(-37)). Suppose 0 = 2*x + 2*a - 22, -4*x + 3*a = -0*a - y. Suppose 5*k + 4*b + x = 0, 5*b = 4*k - 15 - 18. What are the prime factors of k?
2
Suppose -202 = -4*h - 2*i, -2*i - 53 = -h - 5*i. List the prime factors of h.
2, 5
Let u be (13 - 0)*(0 + 1). Let q(o) = -o**2 - 12*o - 8. Let w be q(-9). Suppose u = 4*x - w. What are the prime factors of x?
2
Let p be 212/(-26) - (-2)/13. What are the prime factors of ((-26)/p)/(7/56)?
2, 13
Let d(o) = -6*o - 4. Let s(j) = j**3 - 2*j**2 - 3*j + 3. Let i be s(2). What are the prime factors of d(i)?
2, 7
Let y = 0 - -3. Suppose -5 - 40 = -y*h. What are the prime factors of h?
3, 5
Suppose 0*x = -3*q + 3*x + 144, -4*q + x + 177 = 0. Let g = -30 + q. What are the prime factors of g?
13
Suppose 5*k = 66 + 29. List the prime factors of k.
19
Let k = -1 + 4. Suppose 3 = -u - 2*u - k*y, -y - 19 = -5*u. What are the prime factors of 2/(-3) + 38/u?
2, 3
Let c be (1 - 3)/(13/(-65)). What are the prime factors of ((-72)/c)/((-10)/25)?
2, 3
Let b be 518/4 - (-3)/6. Let o = -9 + -5. List the prime factors of o/49 - b/(-14).
3
Suppose n = 2, i = -i - 5*n + 18. List the prime factors of i.
2
Suppose -7 = -4*h - 3*g, 2*h + 3*g = 12 - 1. Let j be -4*h/3*6. Suppose j = -0*m + m. List the prime factors of m.
2
Let l be (18/(-10) + -1)*5. List the prime factors of 12/l*49/(-7).
2, 3
Let x(l) = l**2 - 4*l - 1. Let t be x(5). Suppose -t*p + 40 = p. List the prime factors of p.
2
Suppose -10 = 4*h - 5*d + 5, 9 = -5*h + 3*d. Suppose h = -3*r + 6, -j + 6*r - r = 6. What are the prime factors of j?
2
Let w be (3*5)/(12/8). What are the prime factors of 23/3*(-7 + w)?
23
Suppose 1125 = -15*k + 20*k. What are the prime factors of k?
3, 5
Let j(d) = 36*d**3 - 2*d**2 - 5*d + 6. What are the prime factors of j(2)?
2, 3, 23
Let g be (-6)/(-5)*45/18. Let q be (g/1)/((-3)/(-5)). Suppose t + 31 = 2*t - q*l, -4*t - 5*l + 49 = 0. What are the prime factors of t?
2
What are the prime factors of ((-33)/11)/((-3)/134)?
2, 67
Let j(q) = q**2 - 12*q - 14. Let g be j(14). Let k(s) = s - 7. List the prime factors of k(g).
7
Let g(t) = -3*t**3 - 2*t**2 - 7*t - 9. List the prime factors of g(-4).
179
Let d = 272 - 189. Let c = -47 + d. Suppose j = 5*j - c. List the prime factors of j.
3
Suppose -2*n - 4 = 4. What are the prime factors of 12 + n*(-4)/8?
2, 7
Let v(n) = n**2 + 12*n - 20. Let p be v(-14